actor of 5837247?
False
Is 295493 a multiple of 89?
False
Is 2253155 a multiple of 64?
False
Is 104 a factor of 132496?
True
Is 1666925 a multiple of 34?
False
Is 4 a factor of 107495?
False
Is 43 a factor of 19952?
True
Does 91 divide 7007?
True
Is 82 a factor of 47068?
True
Does 16 divide 5217772?
False
Is 144732 a multiple of 84?
True
Does 37 divide 822510?
True
Is 95 a factor of 288040?
True
Is 8 a factor of 844480?
True
Is 211 a factor of 510409?
True
Does 239 divide 62618?
True
Does 62 divide 136228?
False
Does 113 divide 189953?
True
Is 9 a factor of 154719?
True
Is 208606 a multiple of 87?
False
Is 525 a factor of 717675?
True
Is 86860 a multiple of 4?
True
Is 324504 a multiple of 18?
True
Is 2262328 a multiple of 9?
False
Is 6452520 a multiple of 60?
True
Is 67 a factor of 812971?
False
Does 181 divide 345891?
True
Is 423105 a multiple of 5?
True
Is 6 a factor of 15184?
False
Does 7 divide 169717?
False
Is 1450430 a multiple of 125?
False
Does 12 divide 138828?
True
Is 17 a factor of 139768?
False
Is 53743 a multiple of 221?
False
Is 6 a factor of 536297?
False
Is 1225028 a multiple of 268?
True
Is 500094 a multiple of 17?
False
Is 1753205 a multiple of 157?
False
Is 76 a factor of 2558844?
True
Is 25 a factor of 306575?
True
Does 8 divide 4656?
True
Is 154486 a multiple of 11?
False
Is 85772 a multiple of 9?
False
Does 510 divide 464810?
False
Is 32 a factor of 305184?
True
Is 354 a factor of 3790986?
True
Does 21 divide 2052269?
False
Is 210 a factor of 99577?
False
Is 20 a factor of 722565?
False
Does 20 divide 15720214?
False
Does 94 divide 310388?
True
Is 29339520 a multiple of 30?
True
Is 187 a factor of 299948?
True
Is 26 a factor of 186403?
False
Is 200 a factor of 2657146?
False
Is 16 a factor of 194272?
True
Is 15 a factor of 11475?
True
Does 14 divide 164085?
False
Is 53 a factor of 155292?
False
Is 115 a factor of 3079362?
False
Is 1004 a multiple of 3?
False
Is 20 a factor of 2723140?
True
Is 134 a factor of 1679690?
True
Is 915119 a multiple of 82?
False
Is 348 a factor of 369539?
False
Does 42 divide 20169871?
False
Does 255 divide 54060?
True
Is 15 a factor of 10923441?
False
Is 164 a factor of 2474753?
False
Is 13836 a multiple of 3?
True
Does 7 divide 3376673?
False
Is 12 a factor of 64536?
True
Does 37 divide 853?
False
Is 17 a factor of 34893?
False
Is 69 a factor of 342408?
False
Is 95 a factor of 662530?
True
Is 35 a factor of 2940700?
True
Is 33 a factor of 552519?
True
Is 136112 a multiple of 41?
False
Is 621811 a multiple of 11?
False
Is 2302914 a multiple of 57?
True
Does 29 divide 672075?
True
Is 2017938 a multiple of 13?
True
Is 76 a factor of 152012?
False
Is 3614610 a multiple of 726?
False
Is 82 a factor of 1674440?
True
Is 479 a factor of 112565?
True
Is 10 a factor of 180644?
False
Is 245472 a multiple of 22?
False
Does 4 divide 2080122?
False
Is 9 a factor of 35714?
False
Does 1059 divide 2712694?
False
Is 8 a factor of 141491?
False
Is 418 a factor of 218883?
False
Does 24 divide 9168?
True
Is 29163031 a multiple of 31?
False
Is 11686260 a multiple of 229?
False
Is 32 a factor of 47808?
True
Is 246 a factor of 1196299?
False
Is 357 a factor of 3086622?
True
Is 89832 a multiple of 76?
True
Is 44500 a multiple of 100?
True
Is 1391 a factor of 6429202?
True
Is 132392 a multiple of 21?
False
Is 125 a factor of 4119625?
True
Is 1308580 a multiple of 5?
True
Is 45 a factor of 80363?
False
Is 1560135 a multiple of 106?
False
Is 16 a factor of 2880?
True
Does 104 divide 34840?
True
Does 101 divide 10913212?
False
Is 97482 a multiple of 11?
True
Is 31 a factor of 7597?
False
Is 3284774 a multiple of 47?
False
Is 22 a factor of 5302437?
False
Is 168512 a multiple of 64?
True
Is 2781366 a multiple of 110?
False
Is 377 a factor of 304239?
True
Does 49 divide 443001?
False
Does 50 divide 7693?
False
Does 9 divide 47455?
False
Is 118 a factor of 1568220?
True
Is 9 a factor of 2601445?
False
Is 67480 a multiple of 56?
True
Does 9 divide 4053443?
False
Does 73 divide 5864455?
True
Is 120543 a multiple of 23?
True
Is 41 a factor of 187341?
False
Does 229 divide 13511916?
True
Does 64 divide 372706?
False
Is 122808 a multiple of 301?
True
Is 22 a factor of 688213?
False
Is 272 a factor of 333472?
True
Is 20 a factor of 95720?
True
Does 189 divide 2923452?
True
Is 145600 a multiple of 800?
True
Does 89 divide 60900?
False
Is 513655 a multiple of 3?
False
Is 113960 a multiple of 148?
True
Is 3335006 a multiple of 40?
False
Does 115 divide 2867119?
False
Is 426 a factor of 1273676?
False
Does 158 divide 151680?
True
Is 125335 a multiple of 32?
False
Is 26 a factor of 173290?
True
Is 2 a factor of 624554?
True
Is 313053 a multiple of 1047?
True
Does 81 divide 20655?
True
Does 24 divide 3453213?
False
Does 91 divide 2625987?
True
Does 4 divide 6778992?
True
Does 12 divide 6196453?
False
Is 128646 a multiple of 5?
False
Does 587 divide 2640721?
False
Is 733797 even?
False
Is 331 a factor of 99631?
True
Is 311046 even?
True
Is 5980 a multiple of 10?
True
Is 3 a factor of 992367?
True
Does 132 divide 2117617?
False
Is 34 a factor of 433297?
False
Is 616676 a multiple of 48?
False
Is 910881 a multiple of 250?
False
Is 160800 a multiple of 16?
True
Is 60919 a multiple of 414?
False
Does 112 divide 10597888?
True
Is 741 a factor of 1433094?
True
Is 21 a factor of 26463?
False
Is 25 a factor of 1022263?
False
Is 171936 a multiple of 4?
True
Is 167442 a multiple of 109?
False
Is 581 a factor of 625737?
True
Is 2252240 a multiple of 80?
True
Is 26 a factor of 58260?
False
Is 18709692 a multiple of 29?
False
Is 150 a factor of 184324?
False
Does 61 divide 50376?
False
Does 4 divide 2770945?
False
Does 35 divide 3274670?
True
Is 53 a factor of 5883?
True
Does 14 divide 327182?
False
Is 8 a factor of 381272?
True
Is 116675 a multiple of 6?
False
Is 30523 even?
False
Does 126 divide 191394?
True
Is 3199102 a multiple of 47?
True
Is 91 a factor of 135863?
True
Is 31 a factor of 2748285?
False
Is 8 a factor of 9619?
False
Is 284400 a multiple of 80?
True
Does 8 divide 4777248?
True
Is 103 a factor of 128686?
False
Does 193 divide 8975?
False
Does 9 divide 49710?
False
Is 208403 a multiple of 221?
True
Is 9 a factor of 3477528?
True
Is 707841 a multiple of 16?
False
Is 109 a factor of 353160?
True
Is 5806164 a multiple of 1014?
True
Is 4176958 a multiple of 325?
False
Is 216364 a multiple of 4?
True
Is 42 a factor of 791112?
True
Is 14 a factor of 1135078?
True
Is 133312 a multiple of 16?
True
Does 405 divide 17328450?
False
Is 50 a factor of 87664?
False
Is 299897 a multiple of 12?
False
Does 10 divide 1265330?
True
Does 21 divide 492910?
False
Is 4 a factor of 18611?
False
Is 53 a factor of 13996459?
False
Does 168 divide 88990?
False
Is 4909996 a multiple of 658?
True
Is 61522 a multiple of 9?
False
Does 71 divide 10334?
False
Is 279 a factor of 1179612?
True
Does 39 divide 302484?
True
Does 498 divide 6870408?
True
Is 886 a factor of 7797686?
True
Is 23370 a multiple of 6?
True
Does 7 divide 298954?
False
Is 20 a factor of 854420?
True
Is 103 a factor of 118141?
True
Does 215 divide 5428046?
False
Is 6 a factor of 5574466?
False
Is 6213739 a multiple of 13?
False
Does 19 divide 1762497?
True
Is 141 a factor of 24126600?
False
Is 68 a factor of 26724?
True
Is 14 a factor of 1404368?
True
Is 3027216 a multiple of 218?
False
Does 174 divide 4265436?
True
Does 83 divide 564068?
True
Is 84 a factor of 13761132?
True
Is 8907417 a multiple of 23?
True
Is 14 a factor of 4346944?
True
Is 15 a factor of 77929?
False
Does 12 divide 262784?
False
Does 90 divide 176705?
False
Does 9 divide 2387386?
False
Is 1242850 a multiple of 25?
True
Is 132264 a multiple of 501?
True
Is 487803 a multiple of 81?
False
Does 284 divide 785544?
True
Does 19 divide 260641?
False
Does 11 divide 1258609?
True
Is 1075 a factor of 146200?
True
Does 12 divide 116820?
True
Is 177 a factor of 828493?
False
Is 466452 a multiple of 36?
True
Is 12 a factor of 3688583?
False
Does 14 divide 28259?
False
Does 705 divide 11972310?
True
Is 2576310 a multiple of 211?
True
Is 278256 a multiple of 408?
True
Does 65 divide 101530?
True
Is 12 a factor of 253620?
True
Is 5 a factor of 80275?
True
Is 386660 a multiple of 54?
False
Does 320 divide 179842?
False
Does 833 divide 30404